by 32.
30
Calculate the remainder when 147 is divided by (-128)/(-3)*3/2.
19
Let b = -3237 + 3251. Let y(k) = -k**3 + 7*k**2 - 2*k - 8. Let x be y(6). Suppose -x = -5*z - 1. Calculate the remainder when b is divided by z.
2
Let g be (-368)/46 + 1 + 3 - -16. Let q be (7/1)/(1 - 0). Suppose -q*p - 60 = -g*p. Calculate the remainder when p is divided by 9.
3
Calculate the remainder when 594 is divided by 4 - 26/(5 - 7).
16
Let m(j) = -2*j - 9. Let w be m(4). Let k(o) = -o - 14. What is the remainder when 14 is divided by k(w)?
2
Let l = 832 - 829. Suppose -70*r + 65*r + l*p + 260 = 0, -125 = -2*r - 3*p. What is the remainder when 714 is divided by r?
54
Let p(v) = -v**3 - 79*v**2 + 86*v + 527. Suppose b = 3*t + 21, -4*b = 2*t + 15 + 13. Calculate the remainder when p(-80) is divided by (-78)/t + 2/8.
7
Suppose 0 = 28*n - 55 - 309. Suppose -8*t + 861 = n*t. Calculate the remainder when 157 is divided by t.
34
Suppose -b = -f + 8, 78*b - 80*b + 49 = 3*f. Calculate the remainder when 3260 is divided by f.
10
What is the remainder when (-4)/22 - 263520/(-3168) is divided by 19?
7
Let j(v) = v**2 - 32*v + 3. Suppose s + 1217 = 1214. What is the remainder when j(s) is divided by 24?
12
Let y = 121 + -122. What is the remainder when 67 is divided by (-284)/(-11) - ((-26)/22 - y)?
15
Suppose 51*u + 742 = 1813. What is the remainder when 8945 is divided by u?
20
Suppose 6041 - 244 = 11*x. What is the remainder when x is divided by 86?
11
Suppose 0 = -8*y + 4*y + 112. Let o = 32 - y. Let i = o + 12. Calculate the remainder when 47 is divided by i.
15
Let l be 276/(-14) - (-2)/(-7). Let g = 17 + -19. Calculate the remainder when 12 is divided by (-75)/l + 15/12 + g.
0
Let t(c) = -46*c + 434. Let j be t(-25). Calculate the remainder when j/270 + -6 + 11704/30 is divided by 100.
90
Suppose v = -2*t + 129, -v + 41 + 151 = 3*t. Suppose 43 = -5*w - 0*f + 3*f, -22 = 3*w + 2*f. Let p = w - -14. What is the remainder when t is divided by p?
3
Let p = -4722 - -5066. What is the remainder when p is divided by 171?
2
Suppose n + 513 = -3*a - 642, n = 2*a + 770. Let y = 732 + a. What is the remainder when y is divided by 29?
28
Let o(v) = 7*v**2 - v - 9. Suppose 6*s - 3*s - 21 = 0. Let g = s - 10. Calculate the remainder when o(g) is divided by 15.
12
Suppose 0 = -4*y + y + 12. Let d = -2927 + 2927. Suppose d = c - 11 + y. Calculate the remainder when c is divided by 4.
3
Let n(g) be the first derivative of -g**3/3 - 9*g**2/2 - 12*g + 5. Let r = 388 - 393. Calculate the remainder when n(r) is divided by 3.
2
Suppose 0 = z + 3*n + 9, -2*z + 4*n + 25 = z. Let s(u) = -15*u**3 + 13*u**z + 3*u + u - 2*u**2 + 3 + u**2. Calculate the remainder when 142 is divided by s(-3).
34
Suppose 1365 = -53*q + 68*q. What is the remainder when q is divided by 54?
37
Suppose 2*j - 5*u = 42, -3*j - 12*u + 10*u + 82 = 0. Calculate the remainder when 148 is divided by j.
18
Let x(h) = h**3 + 1. Let v be x(0). What is the remainder when ((-26)/(-52))/(v + (-113)/114) is divided by 12?
9
Let o(k) = -k**3 - 42*k**2 - 9*k - 146. Let d be o(-42). Suppose -29*i = -21*i - d. Calculate the remainder when 694 is divided by i.
27
Suppose -8 = l - 3*l, 3*a - 46 = -l. Suppose -2*s - 401 = -u - 7*s, 3*u = -3*s + 1155. Let t = 406 - u. Calculate the remainder when t is divided by a.
11
Calculate the remainder when 4/10*95/(-4)*-10 is divided by 92.
3
Let u(s) = s**2 + 38*s. Let w be u(8). Calculate the remainder when (66 - -1) + (-23)/(w/(-64)) is divided by 37.
34
Let u(w) = -w**2 - 312*w - 9420. Calculate the remainder when u(-35) is divided by 1 + (0 - 1) + 9.
5
Suppose j - 4166 = 2*u, -5*j - 246*u = -247*u - 20875. Calculate the remainder when j is divided by 155.
146
Let b(v) = -v**3 - 10 + 9*v**2 + 0*v - 3 + 11*v + 2. Let o = 565 - 542. Calculate the remainder when b(9) is divided by o.
19
Suppose 3*c = 5*k + 615, 30*c + 3*k + 809 = 34*c. Calculate the remainder when 604 is divided by c.
4
Let x = 479 + -361. Suppose -d = 3*u - 20, 2*u = -0*d + 2*d + 24. What is the remainder when x is divided by u?
6
Let i(b) = 75*b + 533. Calculate the remainder when 461 is divided by i(-7).
5
Suppose 0*u - u = -170. Let w = 120 - u. Let s = w - -93. What is the remainder when s is divided by 12?
7
Let n = -559 - -564. Suppose -4*v = -5*f - 144, -5*f = -10*v + n*v + 185. Calculate the remainder when 283 is divided by v.
37
Let a be (-2 - -9)*-13*(1 - 2). Let y = a + -32. Suppose -12 = 4*t - 64. Calculate the remainder when y is divided by t.
7
Let h(v) = 5*v + 22. Let x be h(-4). Suppose -x*p + 19 + 19 = 0. Calculate the remainder when p is divided by 6.
1
Suppose -22*n + 4*m + 474 = -20*n, 3*n = 4*m + 721. What is the remainder when 1220 is divided by n?
232
Suppose 0 = -0*r - 2*r + 2. Suppose -8*o - o = -81. Calculate the remainder when o is divided by 6 + -4 - r/(-1).
0
Let z be (-40)/16 + (-82)/(-4). Let y = z + 88. What is the remainder when y is divided by 9?
7
Suppose 100*h = 197828 - 93501 + 393473. What is the remainder when h is divided by 60?
58
Suppose 0 = 3*l - 2 - 130. Suppose -4*b = 5*x - 82, -3*x + 0*x = 5*b - l. What is the remainder when ((-161)/(-14))/(3/18) is divided by x?
15
Let p = -255 - -257. Suppose 3*i + 3*h + 196 = 5*i, 2*i = -5*h + 212. Calculate the remainder when i is divided by (14/(-42))/(p/(-102)).
16
Suppose 0 = 3*m - s - 276, 279 + 121 = 4*m + 4*s. Calculate the remainder when 1034 is divided by m.
0
Let k = -119 + 171. Let u = k - 32. What is the remainder when u is divided by ((-9)/(-15))/(-7 - 355/(-50))?
2
What is the remainder when 1153 is divided by (-300)/(-16) + (-279)/(-124)?
19
Let y(l) = 320*l + 394. Let c be y(6). Suppose -455*a + c = -442*a. What is the remainder when a is divided by 62?
54
Let c(n) = 3*n - 2 + 4 - 116*n**2 - 126*n**2 - 132*n**3 + 240*n**2. What is the remainder when c(-1) is divided by 47?
35
What is the remainder when 1599 is divided by 31/8 + (858/(-176))/(-39)?
3
Let a = -35 + 54. Suppose -4*t + 5*s - 447 = 1245, -3*s + 12 = 0. Calculate the remainder when (-14586)/t + 2/19 is divided by a.
16
Suppose -4*j + n + 6455 = 0, -47*n = 4*j - 44*n - 6459. Calculate the remainder when j is divided by 29.
19
Let j(m) = m**2 + 41*m + 277. Calculate the remainder when 278 is divided by j(-33).
5
Suppose 3*d - 689 = -2*w, -35*d + 31*d = -2*w - 928. What is the remainder when 494 is divided by d?
32
Suppose -24*m = -35*m + 2134. Calculate the remainder when m is divided by 72.
50
Let q = -9 + 45. Suppose 3*o - 4*u + q = 0, -o = 4*o + 3*u + 31. Let x(t) = t**2 + 4*t - 16. What is the remainder when 47 is divided by x(o)?
15
Suppose 63*v + 44*v - 39*v - 9792 = 0. What is the remainder when v is divided by 88?
56
Suppose 272*h - 128254 = 64*h + 452898. What is the remainder when h is divided by 50?
44
Suppose 3*i + 0*y - 3*y = 174, -5*i + 300 = 5*y. Let r be 6*((-9)/(-6) - 2). Calculate the remainder when i is divided by (0 + r/9 + 7)*3.
19
Let t(r) = r**2 - 3*r - 2. Let h be t(4). Suppose h*w + 77 - 5 = 0. What is the remainder when 75/4 - 9/w is divided by 10?
9
Let q(t) = 108*t**3 - 7*t**2 + 25*t - 19. What is the remainder when q(1) is divided by 8?
3
Let s = -27579 - -27728. Suppose 2*f - 97 = 1. Calculate the remainder when s is divided by f.
2
Let p(k) = 45*k - 624. Calculate the remainder when 353 is divided by p(16).
65
Suppose -507 = -3*u - 2*v, -u + 203 = -8*v + 3*v. What is the remainder when u is divided by 72?
29
Let a be (0 + 3 - -4) + 2 + -2. What is the remainder when 41 is divided by (a + -3)*(-4)/(-2)?
1
Suppose 0 = -18*p + 25*p - 105. Suppose 5*r + 33*c - 31*c = 298, 4*c + 244 = 4*r. What is the remainder when r is divided by p?
0
Let n = 401 - 198. Calculate the remainder when n is divided by (-16)/(-2) - (14 + 30*12/(-20)).
11
Let n(g) = 13*g**2 - 69*g - 10. Calculate the remainder when 94 is divided by n(6).
6
Suppose 0 = 56*f - 35877 - 37528 - 1635. What is the remainder when f is divided by 85?
65
Let u = -1560 - -2688. Calculate the remainder when u is divided by 186.
12
Let u(m) = -2*m + 9. Let a be u(-12). Suppose -2*n - a = -w, n - 2*n + 220 = 5*w. What is the remainder when w is divided by 10?
3
Suppose 0 = -34*s + 30*s + 48. Suppose -4*o + o + t + 9 = 0, 4*t = s. Calculate the remainder when 31 is divided by o.
3
Suppose 0*a =